{"id":15852,"date":"2025-11-14T20:09:31","date_gmt":"2025-11-14T20:09:31","guid":{"rendered":"https:\/\/sanjorgelibreria.com\/?post_type=product&#038;p=15852"},"modified":"2026-01-26T16:16:44","modified_gmt":"2026-01-26T16:16:44","slug":"block-artistico-pizzini-diseno-emblocado-150-gs-x-30-hojas-a3-pbdisx30b","status":"publish","type":"product","link":"https:\/\/sanjorgelibreria.com\/index.php\/producto\/block-artistico-pizzini-diseno-emblocado-150-gs-x-30-hojas-a3-pbdisx30b\/","title":{"rendered":"BLOCK ARTISTICO PIZZINI DISENO EMBLOCADO 150 GS. x 30 HOJAS. A3 . pbdisx30b"},"content":{"rendered":"<p>El Block Pizzini Dise\u00f1o es un papel resistente y polivalente, pensado para acompa\u00f1ar tanto el dibujo t\u00e9cnico como la ilustraci\u00f3n art\u00edstica.<\/p>\n","protected":false},"excerpt":{"rendered":"<p>El Block Pizzini Dise\u00f1o es un papel resistente y polivalente, pensado para acompa\u00f1ar tanto el dibujo t\u00e9cnico como la ilustraci\u00f3n art\u00edstica.<\/p>\n","protected":false},"featured_media":15853,"template":"","meta":[],"product_brand":[],"product_cat":[17,55],"product_tag":[],"berocket_brand":[520],"class_list":{"0":"post-15852","1":"product","2":"type-product","3":"status-publish","4":"has-post-thumbnail","6":"product_cat-artistica","7":"product_cat-blocks-artisticos","8":"berocket_brand-pizzini","10":"first","11":"instock","12":"shipping-taxable","13":"purchasable","14":"product-type-simple"},"aioseo_notices":[],"jetpack_sharing_enabled":true,"_links":{"self":[{"href":"https:\/\/sanjorgelibreria.com\/index.php\/wp-json\/wp\/v2\/product\/15852","targetHints":{"allow":["GET"]}}],"collection":[{"href":"https:\/\/sanjorgelibreria.com\/index.php\/wp-json\/wp\/v2\/product"}],"about":[{"href":"https:\/\/sanjorgelibreria.com\/index.php\/wp-json\/wp\/v2\/types\/product"}],"version-history":[{"count":1,"href":"https:\/\/sanjorgelibreria.com\/index.php\/wp-json\/wp\/v2\/product\/15852\/revisions"}],"predecessor-version":[{"id":15855,"href":"https:\/\/sanjorgelibreria.com\/index.php\/wp-json\/wp\/v2\/product\/15852\/revisions\/15855"}],"wp:featuredmedia":[{"embeddable":true,"href":"https:\/\/sanjorgelibreria.com\/index.php\/wp-json\/wp\/v2\/media\/15853"}],"wp:attachment":[{"href":"https:\/\/sanjorgelibreria.com\/index.php\/wp-json\/wp\/v2\/media?parent=15852"}],"wp:term":[{"taxonomy":"product_brand","embeddable":true,"href":"https:\/\/sanjorgelibreria.com\/index.php\/wp-json\/wp\/v2\/product_brand?post=15852"},{"taxonomy":"product_cat","embeddable":true,"href":"https:\/\/sanjorgelibreria.com\/index.php\/wp-json\/wp\/v2\/product_cat?post=15852"},{"taxonomy":"product_tag","embeddable":true,"href":"https:\/\/sanjorgelibreria.com\/index.php\/wp-json\/wp\/v2\/product_tag?post=15852"},{"taxonomy":"berocket_brand","embeddable":true,"href":"https:\/\/sanjorgelibreria.com\/index.php\/wp-json\/wp\/v2\/berocket_brand?post=15852"}],"curies":[{"name":"wp","href":"https:\/\/api.w.org\/{rel}","templated":true}]}}